{"id":12717,"date":"2023-11-07T14:13:52","date_gmt":"2023-11-07T13:13:52","guid":{"rendered":"https:\/\/www.lyons-andelle-tourisme.com\/sejour\/cafe-du-commerce\/"},"modified":"2023-11-07T14:14:15","modified_gmt":"2023-11-07T13:14:15","slug":"cafe-du-commerce","status":"publish","type":"sejour","link":"https:\/\/www.lyons-andelle-tourisme.com\/en\/sejour\/cafe-du-commerce\/","title":{"rendered":"Caf\u00e9 du Commerce"},"content":{"rendered":"<p>In the heart  of Lyons-la-For\u00eat, Benoit Paris and his team welcome you either in a typical caf\u00e9 room, or on a large terrace overlooking the classified covered market. <br \/>\nThey offer a traditional home made  cuisine, typical of  French &#8220;bistrots&#8221; .<br \/>\nAlso a caf\u00e9, this restaurant welcomes you all day in a friendly village atmosphere for a morning coffee or an afternoon tea.<br \/>\nOpen all the year, except in December, from Tuesday to Sunday,  from 8 and a half am to 8 pm.<br \/>\nlunch set menu : 15,50-19,50 euros.<br \/>\nchild menu : 11 euros.<br \/>\ndish of the day : 11 euros.<br \/>\npacked lunch : 16 euros.<br \/>\n50 guests.<br \/>\nGroupe formula : 25 euros drink included (on reservation).<\/p>\n","protected":false},"featured_media":0,"menu_order":0,"template":"","categories":[236,232,229,234],"yoast_head":"<!-- This site is optimized with the Yoast SEO plugin v17.2 - https:\/\/yoast.com\/wordpress\/plugins\/seo\/ -->\n<title>Caf\u00e9 du Commerce - Lyons Andelle Tourisme<\/title>\n<meta name=\"robots\" content=\"index, follow, max-snippet:-1, max-image-preview:large, max-video-preview:-1\" \/>\n<link rel=\"canonical\" href=\"https:\/\/www.lyons-andelle-tourisme.com\/en\/sejour\/cafe-du-commerce\/\" \/>\n<meta property=\"og:locale\" content=\"en_US\" \/>\n<meta property=\"og:type\" content=\"article\" \/>\n<meta property=\"og:title\" content=\"Caf\u00e9 du Commerce - Lyons Andelle Tourisme\" \/>\n<meta property=\"og:description\" content=\"In the heart of Lyons-la-For\u00eat, Benoit Paris and his team welcome you either in a typical caf\u00e9 room, or on a large terrace overlooking the classified covered market. They offer a traditional home made cuisine, typical of French &#8220;bistrots&#8221; . Also a caf\u00e9, this restaurant welcomes you all day in a friendly village atmosphere for [&hellip;]\" \/>\n<meta property=\"og:url\" content=\"https:\/\/www.lyons-andelle-tourisme.com\/en\/sejour\/cafe-du-commerce\/\" \/>\n<meta property=\"og:site_name\" content=\"Lyons Andelle Tourisme\" \/>\n<meta property=\"article:modified_time\" content=\"2023-11-07T13:14:15+00:00\" \/>\n<meta name=\"twitter:card\" content=\"summary_large_image\" \/>\n<meta name=\"twitter:label1\" content=\"Est. reading time\" \/>\n\t<meta name=\"twitter:data1\" content=\"1 minute\" \/>\n<script type=\"application\/ld+json\" class=\"yoast-schema-graph\">{\"@context\":\"https:\/\/schema.org\",\"@graph\":[{\"@type\":\"WebSite\",\"@id\":\"https:\/\/www.lyons-andelle-tourisme.com\/#website\",\"url\":\"https:\/\/www.lyons-andelle-tourisme.com\/\",\"name\":\"Lyons Andelle Tourisme\",\"description\":\"L&#039;\\u00e9chapp\\u00e9e Belle Normande \\u00e0 1h30 de Paris\",\"potentialAction\":[{\"@type\":\"SearchAction\",\"target\":{\"@type\":\"EntryPoint\",\"urlTemplate\":\"https:\/\/www.lyons-andelle-tourisme.com\/?s={search_term_string}\"},\"query-input\":\"required name=search_term_string\"}],\"inLanguage\":\"en-US\"},{\"@type\":\"WebPage\",\"@id\":\"https:\/\/www.lyons-andelle-tourisme.com\/en\/sejour\/cafe-du-commerce\/#webpage\",\"url\":\"https:\/\/www.lyons-andelle-tourisme.com\/en\/sejour\/cafe-du-commerce\/\",\"name\":\"Caf\\u00e9 du Commerce - Lyons Andelle Tourisme\",\"isPartOf\":{\"@id\":\"https:\/\/www.lyons-andelle-tourisme.com\/#website\"},\"datePublished\":\"2023-11-07T13:13:52+00:00\",\"dateModified\":\"2023-11-07T13:14:15+00:00\",\"breadcrumb\":{\"@id\":\"https:\/\/www.lyons-andelle-tourisme.com\/en\/sejour\/cafe-du-commerce\/#breadcrumb\"},\"inLanguage\":\"en-US\",\"potentialAction\":[{\"@type\":\"ReadAction\",\"target\":[\"https:\/\/www.lyons-andelle-tourisme.com\/en\/sejour\/cafe-du-commerce\/\"]}]},{\"@type\":\"BreadcrumbList\",\"@id\":\"https:\/\/www.lyons-andelle-tourisme.com\/en\/sejour\/cafe-du-commerce\/#breadcrumb\",\"itemListElement\":[{\"@type\":\"ListItem\",\"position\":1,\"name\":\"Caf\\u00e9 du Commerce\"}]}]}<\/script>\n<!-- \/ Yoast SEO plugin. -->","yoast_head_json":{"title":"Caf\u00e9 du Commerce - Lyons Andelle Tourisme","robots":{"index":"index","follow":"follow","max-snippet":"max-snippet:-1","max-image-preview":"max-image-preview:large","max-video-preview":"max-video-preview:-1"},"canonical":"https:\/\/www.lyons-andelle-tourisme.com\/en\/sejour\/cafe-du-commerce\/","og_locale":"en_US","og_type":"article","og_title":"Caf\u00e9 du Commerce - Lyons Andelle Tourisme","og_description":"In the heart of Lyons-la-For\u00eat, Benoit Paris and his team welcome you either in a typical caf\u00e9 room, or on a large terrace overlooking the classified covered market. They offer a traditional home made cuisine, typical of French &#8220;bistrots&#8221; . Also a caf\u00e9, this restaurant welcomes you all day in a friendly village atmosphere for [&hellip;]","og_url":"https:\/\/www.lyons-andelle-tourisme.com\/en\/sejour\/cafe-du-commerce\/","og_site_name":"Lyons Andelle Tourisme","article_modified_time":"2023-11-07T13:14:15+00:00","twitter_card":"summary_large_image","twitter_misc":{"Est. reading time":"1 minute"},"schema":{"@context":"https:\/\/schema.org","@graph":[{"@type":"WebSite","@id":"https:\/\/www.lyons-andelle-tourisme.com\/#website","url":"https:\/\/www.lyons-andelle-tourisme.com\/","name":"Lyons Andelle Tourisme","description":"L&#039;\u00e9chapp\u00e9e Belle Normande \u00e0 1h30 de Paris","potentialAction":[{"@type":"SearchAction","target":{"@type":"EntryPoint","urlTemplate":"https:\/\/www.lyons-andelle-tourisme.com\/?s={search_term_string}"},"query-input":"required name=search_term_string"}],"inLanguage":"en-US"},{"@type":"WebPage","@id":"https:\/\/www.lyons-andelle-tourisme.com\/en\/sejour\/cafe-du-commerce\/#webpage","url":"https:\/\/www.lyons-andelle-tourisme.com\/en\/sejour\/cafe-du-commerce\/","name":"Caf\u00e9 du Commerce - Lyons Andelle Tourisme","isPartOf":{"@id":"https:\/\/www.lyons-andelle-tourisme.com\/#website"},"datePublished":"2023-11-07T13:13:52+00:00","dateModified":"2023-11-07T13:14:15+00:00","breadcrumb":{"@id":"https:\/\/www.lyons-andelle-tourisme.com\/en\/sejour\/cafe-du-commerce\/#breadcrumb"},"inLanguage":"en-US","potentialAction":[{"@type":"ReadAction","target":["https:\/\/www.lyons-andelle-tourisme.com\/en\/sejour\/cafe-du-commerce\/"]}]},{"@type":"BreadcrumbList","@id":"https:\/\/www.lyons-andelle-tourisme.com\/en\/sejour\/cafe-du-commerce\/#breadcrumb","itemListElement":[{"@type":"ListItem","position":1,"name":"Caf\u00e9 du Commerce"}]}]}},"_links":{"self":[{"href":"https:\/\/www.lyons-andelle-tourisme.com\/en\/wp-json\/wp\/v2\/sejour\/12717"}],"collection":[{"href":"https:\/\/www.lyons-andelle-tourisme.com\/en\/wp-json\/wp\/v2\/sejour"}],"about":[{"href":"https:\/\/www.lyons-andelle-tourisme.com\/en\/wp-json\/wp\/v2\/types\/sejour"}],"wp:attachment":[{"href":"https:\/\/www.lyons-andelle-tourisme.com\/en\/wp-json\/wp\/v2\/media?parent=12717"}],"wp:term":[{"taxonomy":"category","embeddable":true,"href":"https:\/\/www.lyons-andelle-tourisme.com\/en\/wp-json\/wp\/v2\/categories?post=12717"}],"curies":[{"name":"wp","href":"https:\/\/api.w.org\/{rel}","templated":true}]}}

Café du Commerce

<p>In the heart  of Lyons-la-Forêt, Benoit Paris and his team welcome you either in a typical café room, or on a large terrace overlooking the classified covered market. <br />
They offer a traditional home made  cuisine, typical of  French &#8220;bistrots&#8221; .<br />
Also a café, this restaurant welcomes you all day in a friendly village atmosphere for a morning coffee or an afternoon tea.<br />
Open all the year, except in December, from Tuesday to Sunday,  from 8 and a half am to 8 pm.<br />
lunch set menu : 15,50-19,50 euros.<br />
child menu : 11 euros.<br />
dish of the day : 11 euros.<br />
packed lunch : 16 euros.<br />
50 guests.<br />
Groupe formula : 25 euros drink included (on reservation).</p>

<!-- This site is optimized with the Yoast SEO plugin v17.2 - https://yoast.com/wordpress/plugins/seo/ -->
<title>Café du Commerce - Lyons Andelle Tourisme</title>
<meta name="robots" content="index, follow, max-snippet:-1, max-image-preview:large, max-video-preview:-1" />
<link rel="canonical" href="https://www.lyons-andelle-tourisme.com/en/sejour/cafe-du-commerce/" />
<meta property="og:locale" content="en_US" />
<meta property="og:type" content="article" />
<meta property="og:title" content="Café du Commerce - Lyons Andelle Tourisme" />
<meta property="og:description" content="In the heart of Lyons-la-Forêt, Benoit Paris and his team welcome you either in a typical café room, or on a large terrace overlooking the classified covered market. They offer a traditional home made cuisine, typical of French &#8220;bistrots&#8221; . Also a café, this restaurant welcomes you all day in a friendly village atmosphere for [&hellip;]" />
<meta property="og:url" content="https://www.lyons-andelle-tourisme.com/en/sejour/cafe-du-commerce/" />
<meta property="og:site_name" content="Lyons Andelle Tourisme" />
<meta property="article:modified_time" content="2023-11-07T13:14:15+00:00" />
<meta name="twitter:card" content="summary_large_image" />
<meta name="twitter:label1" content="Est. reading time" />
	<meta name="twitter:data1" content="1 minute" />
<script type="application/ld+json" class="yoast-schema-graph">{"@context":"https://schema.org","@graph":[{"@type":"WebSite","@id":"https://www.lyons-andelle-tourisme.com/#website","url":"https://www.lyons-andelle-tourisme.com/","name":"Lyons Andelle Tourisme","description":"L&#039;\u00e9chapp\u00e9e Belle Normande \u00e0 1h30 de Paris","potentialAction":[{"@type":"SearchAction","target":{"@type":"EntryPoint","urlTemplate":"https://www.lyons-andelle-tourisme.com/?s={search_term_string}"},"query-input":"required name=search_term_string"}],"inLanguage":"en-US"},{"@type":"WebPage","@id":"https://www.lyons-andelle-tourisme.com/en/sejour/cafe-du-commerce/#webpage","url":"https://www.lyons-andelle-tourisme.com/en/sejour/cafe-du-commerce/","name":"Caf\u00e9 du Commerce - Lyons Andelle Tourisme","isPartOf":{"@id":"https://www.lyons-andelle-tourisme.com/#website"},"datePublished":"2023-11-07T13:13:52+00:00","dateModified":"2023-11-07T13:14:15+00:00","breadcrumb":{"@id":"https://www.lyons-andelle-tourisme.com/en/sejour/cafe-du-commerce/#breadcrumb"},"inLanguage":"en-US","potentialAction":[{"@type":"ReadAction","target":["https://www.lyons-andelle-tourisme.com/en/sejour/cafe-du-commerce/"]}]},{"@type":"BreadcrumbList","@id":"https://www.lyons-andelle-tourisme.com/en/sejour/cafe-du-commerce/#breadcrumb","itemListElement":[{"@type":"ListItem","position":1,"name":"Caf\u00e9 du Commerce"}]}]}</script>
<!-- / Yoast SEO plugin. -->

Café du Commerce - Lyons Andelle Tourisme

In the heart of Lyons-la-Forêt, Benoit Paris and his team welcome you either in a typical café room, or on a large terrace overlooking the classified covered market. They offer a traditional home made cuisine, typical of French &#8220;bistrots&#8221; . Also a café, this restaurant welcomes you all day in a friendly village atmosphere for [&hellip;]

L&#039;échappée Belle Normande à 1h30 de Paris
